 u(p) = 5*p**3 + 3*p**2 - 4164*p - 8330. Determine u(-2).
-30
Let l(m) = -9874*m - 98696. What is l(-10)?
44
Let n(a) = -a**3 + 128*a**2 - 120*a - 853. What is n(127)?
36
Let f(j) = -j**3 - 92*j**2 - 174*j + 137. Determine f(-90).
-403
Let u(s) = 34027*s - 102062. Calculate u(3).
19
Let q(z) = -5*z**3 - 26*z**2 - 112*z + 23. Calculate q(-5).
558
Let a(f) = 377*f + 1031. What is a(-5)?
-854
Let j(x) = -19*x**3 - 97*x**2 - 287*x - 11. What is j(-3)?
490
Let n(o) = 11357*o + 317934. Determine n(-28).
-62
Let h(v) = -v**3 - 236*v**2 - 7201*v - 101. Determine h(-200).
99
Let m(n) = 3*n**2 - 2210*n - 371234. Give m(-141).
19
Let u(y) = 4*y**3 - 2*y**2 - 188*y + 41. Calculate u(-9).
-1345
Let j(l) = l**3 - 53*l**2 + 400*l - 113. Calculate j(44).
63
Let z(q) = 85*q + 1427. Determine z(-14).
237
Let v(r) = 13*r - 1210. Determine v(61).
-417
Let w(a) = 5*a**2 - 1141*a + 62238. Give w(138).
0
Let y(t) = 9*t**2 - 53*t - 39. Calculate y(-1).
23
Let i(p) = -4*p**2 - 621*p - 23481. Determine i(-90).
9
Let w(t) = -57*t + 328. Calculate w(13).
-413
Let v(n) = 292*n - 4802. Determine v(16).
-130
Let u(x) = x**3 + 20*x**2 + 545*x + 3900. Determine u(-9).
-114
Let y(z) = z**3 + 18*z**2 + 57*z - 12. What is y(4)?
568
Let u(o) = 1052*o - 4824. Give u(5).
436
Let g(s) = 3213*s - 102475. Determine g(32).
341
Let n(c) = -c**3 + 73*c**2 + 66*c + 573. What is n(74)?
-19
Let u(c) = -2*c**3 + 15*c**2 - 42*c + 16. Give u(12).
-1784
Let s(t) = 6*t**3 + 486*t**2 - 40*t - 3235. What is s(-81)?
5
Let j(t) = 71*t**3 - 298*t**2 + 211*t + 80. Calculate j(1).
64
Let d(s) = s**3 - 23*s**2 - 427*s + 4137. What is d(10)?
-1433
Let x(i) = 7243*i - 43316. What is x(6)?
142
Let m(w) = -40*w + 930. Calculate m(15).
330
Let a(b) = 3*b**2 - 10*b + 181. Give a(18).
973
Let i(a) = -a**3 - 84*a**2 + 590*a + 77. What is i(7)?
-252
Let m(r) = 2506*r - 5670. Determine m(2).
-658
Let o(a) = 51*a**2 + 50*a - 150. Give o(4).
866
Let t(k) = -955*k - 14922. What is t(-14)?
-1552
Let t(k) = 50074*k + 650730. Determine t(-13).
-232
Let b(v) = 2*v**2 + 243*v + 5669. Determine b(-90).
-1
Let u(n) = 21*n**2 - 659475*n + 659476. Give u(1).
22
Let l(f) = 660148*f + 4621024. Determine l(-7).
-12
Let v(r) = -2*r**3 - 8*r**2 + 9*r + 182. Calculate v(0).
182
Let m(a) = -3*a**3 - a**2 + 88*a - 1550. Determine m(0).
-1550
Let x(s) = s**2 + 327364*s + 32072066. Give x(-98).
-2
Let o(m) = 17121*m + 11933345. What is o(-697)?
8
Let z(o) = -o**3 + 36*o**2 - 53*o - 549. Calculate z(34).
-39
Let x(w) = w**2 + 42*w - 774. Determine x(48).
3546
Let a(x) = -404*x**2 + 92922*x - 196. Calculate a(230).
264
Let z(o) = 3*o**2 + 838*o - 45927. Determine z(47).
86
Let n(z) = -489*z - 363328. What is n(-743)?
-1
Let d(q) = q**3 - 236*q**2 - 583*q + 82026. What is d(237)?
24
Let v(i) = 716*i - 86617. What is v(121)?
19
Let h(b) = -56*b - 9100. Determine h(-60).
-5740
Let m(o) = -3*o**2 - 990*o + 6931. Calculate m(-335).
1906
Let l(x) = 591*x**3 - 3*x**2 - 104*x + 221. Determine l(2).
4729
Let g(y) = -26*y**2 - 820*y + 357. Determine g(-32).
-27
Let y(q) = 8*q**2 + 79*q + 214. Give y(-2).
88
Let a(r) = r + 207. Calculate a(-9).
198
Let p(o) = 343*o + 3428. Give p(-9).
341
Let w(l) = -10*l**3 - 9*l**2 + 34*l + 6. Determine w(-3).
93
Let i(u) = 10*u**2 - 362*u - 855. Give i(38).
-171
Let q(g) = -6*g**2 - 48*g + 348. Calculate q(5).
-42
Let g(j) = -2*j**3 + 6*j + 54. What is g(-6)?
450
Let f(n) = n**2 + 1768*n + 695593. What is f(-591)?
-14
Let t(q) = 11126*q - 211422. Calculate t(19).
-28
Let k(l) = l**3 + 84*l**2 + 734*l - 76. Determine k(-10).
-16
Let m(i) = -7532*i - 210959. What is m(-28)?
-63
Let i(x) = -12*x**2 + 133*x + 4695. Determine i(-15).
0
Let z(f) = -f**2 - 683716*f - 4102245. Give z(-6).
15
Let l(r) = -3556*r - 142535. Determine l(-40).
-295
Let h(c) = c**3 - 23*c**2 - 159*c - 460. Give h(29).
-25
Let r(u) = 9028*u + 45163. Determine r(-5).
23
Let i(l) = -18205*l - 418729. What is i(-23)?
-14
Let u(d) = 5*d**2 + 157*d + 445. Give u(-19).
-733
Let l(o) = 9*o**2 + 2290*o - 1269. What is l(-255)?
6
Let z(j) = -2*j**2 + 245*j - 922. Calculate z(119).
-89
Let r(d) = -2007*d + 1340678. Calculate r(668).
2
Let r(n) = -105*n - 17697. Determine r(-168).
-57
Let b(i) = -2*i**3 + 59*i**2 - 108*i - 661. What is b(27)?
68
Let v(j) = -34*j**3 + 338*j**2 + 13*j + 14. Give v(10).
-56
Let f(a) = 7*a**2 - 330*a - 6334. Give f(-18).
1874
Let s(r) = r**2 - 78*r - 55051. Give s(-199).
72
Let g(j) = 9*j**2 + 959*j + 23853. What is g(-67)?
1
Let k(i) = 4*i**3 - 99*i**2 - 1429*i - 234. What is k(35)?
-24
Let p(r) = 3420*r + 40770. What is p(-12)?
-270
Let f(o) = 15275*o + 106933. Calculate f(-7).
8
Let h(i) = -3*i**3 - 157*i**2 - 99*i - 2496. Give h(-52).
-52
Let r(x) = 26*x**3 - 5*x**2 + 44*x - 69. Determine r(2).
207
Let x(z) = z**3 + 446*z**2 + 1048*z + 71037. Determine x(-444).
-3
Let p(f) = f**3 + 9*f**2 + 101*f + 720. Determine p(-8).
-24
Let l(h) = 39*h**3 + 5*h**2 - 8*h - 2. Calculate l(1).
34
Let f(b) = 142*b**2 + 1299*b - 10040. Calculate f(5).
5
Let u(g) = 4413*g + 70523. Calculate u(-16).
-85
Let g(t) = t**3 - 71*t**2 + 220*t + 11050. What is g(65)?
0
Let m(j) = 23*j**3 - 9*j**2 + 13*j - 46. Give m(5).
2669
Let c(z) = -2*z**3 + 687*z**2 - 1685*z - 6851. Give c(341).
-31
Let w(a) = 86*a**2 + 3705*a + 7094. Determine w(-2).
28
Let c(n) = 23126*n + 185000. Give c(-8).
-8
Let b(a) = a**3 + 29*a**2 + 102*a - 1538. Determine b(-20).
22
Let n(q) = 47*q**3 - 16*q**2 - 58*q - 4. Determine n(-3).
-1243
Let n(i) = 5*i**2 - 223*i + 17. Determine n(6).
-1141
Let u(n) = -442*n + 39317. What is u(89)?
-21
Let x(d) = -2*d**3 - 5622*d**2 + 5712*d + 247453. Give x(-2812).
-3
Let d(z) = -13*z**3 - 475*z**2 + 2701*z - 5. Give d(5).
0
Let a(s) = 20*s**2 + 162*s - 225. Calculate a(-9).
-63
Let u(z) = -14*z**2 - 543*z + 7137. Calculate u(13).
-2288
Let h(f) = f**3 + 508*f**2 + 16444*f - 52499. Calculate h(-473).
4
Let m(s) = s**3 + 5*s**2 - 122*s + 67. Calculate m(-13).
301
Let p(m) = -m**3 - 21*m**2 - 81*m - 561. Give p(-9).
-804
Let t(c) = 256544*c - 3591620. Determine t(14).
-4
Let q(j) = 16*j**3 - 9*j**2 - 316*j + 1293. Calculate q(4).
909
Let x(r) = -26*r**2 - 129*r + 528. Give x(-13).
-2189
Let n(d) = -2112*d - 561801. What is n(-266)?
-9
Let j(c) = -24*c**3 - 16*c**2 - 49*c - 24. Determine j(-2).
202
Let t(c) = 23397*c - 33083357. Determine t(1414).
1
Let n(h) = 189*h**2 - 2776*h - 3894. Give n(16).
74
Let x(l) = l**2 + 3643*l - 66191. Determine x(18).
-293
Let k(d) = -13504*d - 81028. What is k(-6)?
-4
Let t(r) = -r**3 + 104*r**2 - 955*r + 363. Determine t(94).
-1047
Let b(l) = -l**3 + 21*l**2 + 128*l - 206. Give b(25).
494
Let i(k) = 19474*k - 603663. Determine i(31).
31
Let r(q) = -514*q - 220289. Give r(-429).
217
Let k(b) = b**3 - 13*b**2 - 998*b + 15931. What is k(16)?
731
Let m(k) = -443*k + 974. Calculate m(5).
-1241
Let l(f) = 149*f**2 + 616*f + 4374. Give l(-7).
7363
Let v(f) = -2702*f + 23770. What is v(9)?
-548
Let w(h) = 15*h**3 - 5499*h**2 - 2210*h + 2921. Calculate w(367).
-15
Let k(f) = 9*f**2 - 2488*f - 1142. Calculate k(277).
243
Let l(h) = -5*h**2 + 831*h - 10187. Calculate l(12).
-935
Let h(r) = -r**2 - 1029*r + 11420. What is h(11)?
-20
Let p(r) = 2*r**3 - 3171*r**2 + 87229*r - 257. What is p(28)?
-5
Let b(u) = 4*u**2 + 32*u - 612. What is b(-21)?
480
Let y(x) = x**3 + 131*x**2 - 362*x + 5372. What is y(-134)?
12
Let n(q) = -7604*q + 53156. Calculate n(7).
-72
Let v(z) = -299853*z - 14392943. Give v(-48).
1
Let z(y) = -3*y**2 + 994*y + 7840. Calculate z(339).
43
Let u(g) = -g**2 + 3758*g - 156064. Give u(42).
8
Let p(s) = 342*s + 2161. What is p(-9)?
-917
Let j(g) = -369663*g + 1848303. Calculate j(5).
-12
Let y(f) = -2*f**3 + 41*f**2 - 95*f - 1464. What is y(15)?
-414
Let o(b) = -11*b**3 + b**2 - 77*b - 148. Give o(-2).
98
Let o(k) = -32639*k + 587773. Give o(18).
271
Let v(g) = -5064*g - 20159. Calculate v(-4).
97
Let a(r) = -74*r**2 - 1260*r - 1163. Determine a(-16).
53
Let y(a) = -151*a**2 - 17828*a + 17834. Give y(1).
-145
Let y(v) = -3120*v + 71445. Calculate y(23).
-315
Let b(y) = y**3 - 189*y**2 - 1804*y + 4283. Calculate b(198).
-73
Let w(d) = -9956*d - 249005. Give w(-25).
-105
Let k(l) = l**2 + 1231*l - 543715. Give k(345).
5
Let j(m) = 24*m**2 - 328*m + 353. Determine j(13).
145
Let i(b) = -53*b - 1118. Dete